?
2
What is the hundreds digit of 1706040?
0
What is the hundred thousands digit of 1088964?
0
What is the tens digit of 265644?
4
What is the tens digit of 3408799?
9
What is the tens digit of 297606?
0
What is the ten thousands digit of 8270158?
7
What is the units digit of 3138435?
5
What is the ten thousands digit of 1165205?
6
What is the thousands digit of 1775091?
5
What is the hundred thousands digit of 177961?
1
What is the hundreds digit of 470360?
3
What is the thousands digit of 196675?
6
What is the hundred thousands digit of 10431312?
4
What is the hundreds digit of 308884?
8
What is the ten thousands digit of 25699?
2
What is the ten millions digit of 12474630?
1
What is the hundred thousands digit of 5427195?
4
What is the units digit of 9995669?
9
What is the hundreds digit of 325601?
6
What is the thousands digit of 244328?
4
What is the ten millions digit of 12564971?
1
What is the ten millions digit of 12614639?
1
What is the ten thousands digit of 16524743?
2
What is the units digit of 7445?
5
What is the hundreds digit of 2676465?
4
What is the hundred thousands digit of 1699830?
6
What is the hundreds digit of 387993?
9
What is the hundreds digit of 162269?
2
What is the units digit of 1872909?
9
What is the units digit of 709493?
3
What is the hundred thousands digit of 1268216?
2
What is the hundreds digit of 16053115?
1
What is the hundred thousands digit of 132904?
1
What is the ten thousands digit of 1682613?
8
What is the tens digit of 341384?
8
What is the units digit of 11502678?
8
What is the thousands digit of 12411380?
1
What is the millions digit of 15617166?
5
What is the millions digit of 1556781?
1
What is the ten thousands digit of 1593100?
9
What is the hundreds digit of 1672047?
0
What is the units digit of 138776?
6
What is the ten thousands digit of 2194363?
9
What is the tens digit of 1998269?
6
What is the units digit of 1193391?
1
What is the hundred thousands digit of 4572193?
5
What is the hundreds digit of 24431?
4
What is the tens digit of 26734734?
3
What is the units digit of 48444?
4
What is the units digit of 7514234?
4
What is the ten thousands digit of 26346379?
4
What is the thousands digit of 200641?
0
What is the units digit of 12840672?
2
What is the millions digit of 13896695?
3
What is the thousands digit of 264314?
4
What is the thousands digit of 220123?
0
What is the thousands digit of 9785437?
5
What is the ten millions digit of 13683415?
1
What is the millions digit of 4544488?
4
What is the thousands digit of 16686156?
6
What is the units digit of 312609?
9
What is the units digit of 10364432?
2
What is the units digit of 109774?
4
What is the hundreds digit of 2152970?
9
What is the units digit of 93343?
3
What is the hundred thousands digit of 880234?
8
What is the millions digit of 27620607?
7
What is the units digit of 151205?
5
What is the units digit of 2988479?
9
What is the tens digit of 6002844?
4
What is the ten thousands digit of 74243?
7
What is the units digit of 6482150?
0
What is the hundred thousands digit of 852572?
8
What is the hundred thousands digit of 570921?
5
What is the units digit of 5966654?
4
What is the hundred thousands digit of 7826800?
8
What is the hundreds digit of 3671429?
4
What is the thousands digit of 146172?
6
What is the units digit of 100037?
7
What is the thousands digit of 412108?
2
What is the hundreds digit of 4836494?
4
What is the tens digit of 1565286?
8
What is the ten thousands digit of 49411?
4
What is the units digit of 245789?
9
What is the units digit of 175947?
7
What is the hundreds digit of 772532?
5
What is the hundreds digit of 57965?
9
What is the hundred thousands digit of 606869?
6
What is the hundred thousands digit of 1105677?
1
What is the ten thousands digit of 5620221?
2
What is the hundreds digit of 885?
8
What is the hundred thousands digit of 400236?
4
What is the hundreds digit of 128681?
6
What is the ten thousands digit of 776805?
7
What is the ten thousands digit of 5732008?
3
What is the units digit of 9878885?
5
What is the tens digit of 1089250?
5
What is the hundred thousands digit of 707963?
7
What is the units digit of 1853233?
3
What is the units digit of 30417?
7
What is the thousands digit of 53719?
3
What is the hundreds digit of 85777?
7
What is the hundred thousands digit of 164758?
1
What is the ten thousands digit of 415160?
1
What is the millions digit of 3243616?
3
What is the hundred thousands digit of 18221399?
2
What is the hundreds digit of 112159?
1
What is the thousands digit of 254200?
4
What is the ten thousands digit of 14367?
1
What is the hundreds digit of 747955?
9
What is the hundred thousands digit of 189142?
1
What is the hundred thousands digit of 5392262?
3
What is the tens digit of 69855?
5
What is the hundred thousands digit of 6441563?
4
What is the tens digit of 800268?
6
What is the units digit of 154145?
5
What is the thousands digit of 239460?
9
What is the tens digit of 20469860?
6
What is the thousands digit of 4780851?
0
What is the thousands digit of 8015441?
5
What is the hundreds digit of 2660050?
0
What is the thousands digit of 786753?
6
What is the ten thousands digit of 299101?
9
What is the thousands digit of 641726?
1
What is the units digit of 649318?
8
What is the ten thousands digit of 1704833?
0
What is the tens digit of 83088?
8
What is the units digit of 244304?
4
What is the units digit of 234755?
5
What is the ten thousands digit of 924243?
2
What is the thousands digit of 4267987?
7
What is the hundreds digit of 220684?
6
What is the ten thousands digit of 564743?
6
What is the units digit of 4743687?
7
What is the tens digit of 164239?
3
What is the tens digit of 15115541?
4
What is the tens digit of 1902206?
0
What is the units digit of 3631577?
7
What is the hundred thousands digit of 910267?
9
What is the hundreds digit of 544779?
7
What is the units digit of 278782?
2
What is the hundred thousands digit of 1609916?
6
What is the hundreds digit of 116846?
8
What is the hundreds digit of 77338?
3
What is the units digit of 76382?
2
What is the units digit of 266004?
4
What is the millions digit of 2829767?
2
What is the tens digit of 523300?
0
What is the tens digit of 1405421?
2
What is the hundreds digit of 528652?
6
What is the hundred thousands digit of 932161?
9
What is the millions digit of 21306543?
1
What is the units digit of 451430?
0
What is the units digit of 992290?
0
What is the ten thousands digit of 15021643?
2
What is the hundreds digit of 4589200?
2
What is the tens digit of 14082031?
3
What is the ten thousands digit of 198631?
9
What is the thousands digit of 2428388?
8
What is the tens digit of 127873?
7
What is the units digit of 455378?
8
What is the hundred thousands digit of 115605?
1
What is the hundreds digit of 1117395?
3
What is the tens digit of 6950469?
6
What is the tens digit of 187020?
2
What is the thousands digit of 15589154?
9
What is the units digit of 7331697?
7
What is the ten thousands digit of 474698?
7
What is the units digit of 3069964?
4
What is the hundreds digit of 122250?
2
What is the tens digit of 197520?
2
What is the ten thousands digit of 729620?
2
What is the units digit of 1013979?
9
What is the ten thousands digit of 1093952?
9
What is the millions digit of 9246765?
9
What is the ten thousands digit of 364675?
6
What is the ten thousands digit of 112411?
1
What is the thousands digit of 711770?
1
What is the tens digit of 4911667?
6
What is the ten thousands digit of 109575?
0
What is the tens digit of 823929?
2
What is the hundreds digit of 1080336?
3
What is the ten thousands digit of 97129?
9
What is the thousands digit of 6277919?
7
What is the thousands digit of 223919?
3
What is the millions digit of 6249315?
6
What is the hundred thousands digit of 265181?
2
What is the ten thousands digit of 742882?
4
What is the hundreds digit of 177278?
2
What is the tens digit of 104463?
6
What is the ten thousands digit of 10573?
1
What is the thousands digit of 13856479?
6
What is the hundreds digit of 17762?
7
What is the hundreds digit of 5159636?
6
What is the tens digit of 4894976?
7
What is the tens digit of 4176081?
8
What is the hundred thousands digit of 2104072?
1
What is the